{"id":362,"date":"2022-01-11T12:20:45","date_gmt":"2022-01-11T12:20:45","guid":{"rendered":"http:\/\/www.proyectoscprgijon.es\/WayBack2School\/?page_id=362"},"modified":"2022-02-10T12:59:12","modified_gmt":"2022-02-10T12:59:12","slug":"rano-odustajanje-od-skole","status":"publish","type":"page","link":"http:\/\/www.proyectoscprgijon.es\/WayBack2School\/hr\/rano-odustajanje-od-skole\/","title":{"rendered":"Rano odustajanje od \u0161kole"},"content":{"rendered":"<div class=\"su-accordion su-u-trim\">\n<div class=\"su-spoiler su-spoiler-style-default su-spoiler-icon-plus su-spoiler-closed\" data-scroll-offset=\"0\" data-anchor-in-url=\"no\"><div class=\"su-spoiler-title\" tabindex=\"0\" role=\"button\"><span class=\"su-spoiler-icon\"><\/span>Koncept<\/div><div class=\"su-spoiler-content su-u-clearfix su-u-trim\">\n<p style=\"font-size:medium\">Europska Unija definira osobe koje rano napu\u0161taju \u0161kolovanje kao osobe u dobi od 18 do 24 godina koje imaju samo ni\u017ee srednje obrazovanje, ili ni\u017eu razinu obrazovanja, te osobe koje vi\u0161e nisu dio obrazovnog sustava ili osposobljavanja. <\/p>\n<p style=\"font-size:medium\">Dakle, rano napu\u0161taju \u0161kolu oni koji su stekli samo pred\u0161kolsko, osnovno ili srednje obrazovanje u manje od dvije godine. <\/p>\n<p style=\"font-size:medium\">Rano napu\u0161tanje \u0161kole mo\u017ee imati vi\u0161e oblika. Uklju\u010duje mlade koji su napustili \u0161kolovanje prije zavr\u0161etka obveznog obrazovanja, one koji su zavr\u0161ili obvezno \u0161kolovanje, ali nisu stekli vi\u0161u srednju kvalifikaciju, te one koji su poha\u0111ali pred-strukovne ili strukovne te\u010dajeve koji nisu doveli do kvalifikacija ekvivalentna vi\u0161em sekundarnom stupnju.<\/p>\n<p><img alt=\"Early leavers from education and training among people aged 18-24 years, 2019\" src=\"https:\/\/ec.europa.eu\/eurostat\/documents\/4187653\/10321620\/EU-INSTA-MAP-EDUCATI0N-EARLY+LEAVERS.jpg\/f71a5ddd-5243-fb44-dd4c-a84475b7e291?t=1601909979664\" style=\"height: auto; width: 80%;\"><\/p>\n<p style=\"font-size:medium\">Aktualne informacije koje je objavila Europska unija mogu se prona\u0107i na stranici <a href=\"https:\/\/ec.europa.eu\/eurostat\/en\/web\/products-eurostat-news\/-\/ddn-20201007-1\" target=\"_blank\" rel=\"noopener\">Early leavers from education and training across EU regions<\/a><\/p>\n<\/div><\/div>\n<\/div>\n\n\n<div class=\"su-accordion su-u-trim\">\n<div class=\"su-spoiler su-spoiler-style-default su-spoiler-icon-plus su-spoiler-closed\" data-scroll-offset=\"0\" data-anchor-in-url=\"no\"><div class=\"su-spoiler-title\" tabindex=\"0\" role=\"button\"><span class=\"su-spoiler-icon\"><\/span>Situation in Turkey<\/div><div class=\"su-spoiler-content su-u-clearfix su-u-trim\">\n<img alt=\"Evolution of ESL in Turkey\" src=\"http:\/\/www.proyectoscprgijon.es\/WayBack2School\/wp-content\/uploads\/2022\/02\/Turkey-esl-stats.png\" style=\"height: auto; width: 80%;\"><\/p>\n<p style=\"text-align:justified\">Early school leaving and absenteeism has always been in the priority list of the problems the educational institutions are facing in Turkey. This is due to the fact that  some of the students attending the public schools have a series of socio-economical problems,they come from different cultural backgrounds and as they don\u2019t have sufficient parental support they are behind their class mates in terms of academical success. All these problems result in distancing themselves from school and that leads to the high rates in absenteeism or early school leaving.<\/p>\n<p style=\"text-align:justified\">The ministry of education and other educational bodies have been taking precautions,running projects like ours in order to lessen the number of these students. They have been trying to make schools a more attractive environment for these students,support them financially and the teachers at schools have been supporting these students with extra classes to improve their success.<\/p>\n<p style=\"text-align:justified\">Despite all these efforts made,during the pandemics process we were faced with a totally unexpected and different scenario as a country. We had to close schools and the students had to go on with their education through online classes for more than a year. This situation obviously caused a lot of problems fort he students from the risky group as they lacked technological devices or the internet to attend the online classes. Although the govermental bodies and local institutions tried to do their best to provide these children with what they needed in order to be able to attend their classes,it was not always enough.<\/p>\n<p style=\"text-align:justified\">After the online classes process, we observed a positive attitude in the parents\u2019 point of view towards education and school. We can easily say that during those times when their children were at home, in front of the screens trying to catch up with the school subjects, struggling on their own, away from their peers and teachers, the parents began to understand the great importance of the school as an educational institution and teachers as leaders and guides in their childrens\u2019 lives. We have seen that parents felt themselves inadequate in helping their children with their lessons, planning their free time, assisting them for their homework and maintaining a disciplined atmosphere at home.<\/p>\n<p style=\"text-align:justified\">From the students\u2019 point of view, they came to realise the importance of school and education mainly because the pandemics helped them to see face to face interaction among the shareholders of education is of crucial importance and they have begun to understand the value of attendance more as they fell behind the rest of the class more and more because they couldn\u2019t fully attend the online classes. All the schools in Turkey have supported their students with extra classes to help them recover from the absence in online classes but the process had been too long to fully heal; they were locked down in their homes for almost a year and a half. More students have declared that they have difficulty doing their homework as there is a big gap in their knowledge of the cirriculum of each school subject. In order to overcome this obstacle, as the teachers in every school, we came to a mutual understanding on lowering the difficulty level of the questions in our exams and to support these students more especially before the examinations.<\/p>\n<p style=\"text-align:justified\">To sum up, the process of pandemics has brought a structural change to the concept of education all over the World.It remains to be seen which of these changes will remain when the pandemics is finally over and which will disappear and what schools as an educational institution will look like in the eyes of the shareholders in the end. In the meantime, all the  teachers will continue to provide as much support as possible to the students for their social and academic wellbeing.<\/p>\n<\/div><\/div>\n<\/div>\n\n\n<div class=\"su-accordion su-u-trim\">\n<div class=\"su-spoiler su-spoiler-style-default su-spoiler-icon-plus su-spoiler-closed\" data-scroll-offset=\"0\" data-anchor-in-url=\"no\"><div class=\"su-spoiler-title\" tabindex=\"0\" role=\"button\"><span class=\"su-spoiler-icon\"><\/span>Situation in Ireland<\/div><div class=\"su-spoiler-content su-u-clearfix su-u-trim\">\n<img alt=\"Evolution of ESL in Ireland\" src=\"http:\/\/www.proyectoscprgijon.es\/WayBack2School\/wp-content\/uploads\/2022\/02\/Ireland-esl-stats.png\" style=\"height: auto; width: 80%;\"><\/p>\n<\/div><\/div>\n<\/div>\n\n\n<div class=\"su-accordion su-u-trim\">\n<div class=\"su-spoiler su-spoiler-style-default su-spoiler-icon-plus su-spoiler-closed\" data-scroll-offset=\"0\" data-anchor-in-url=\"no\"><div class=\"su-spoiler-title\" tabindex=\"0\" role=\"button\"><span class=\"su-spoiler-icon\"><\/span>Situation in Italy<\/div><div class=\"su-spoiler-content su-u-clearfix su-u-trim\">\n<img alt=\"Evolution of ESL in Italy\" src=\"http:\/\/www.proyectoscprgijon.es\/WayBack2School\/wp-content\/uploads\/2022\/02\/Italy-esl-stats.png\" style=\"height: auto; width: 80%;\"><\/p>\n<\/div><\/div>\n<\/div>\n\n\n<div class=\"su-accordion su-u-trim\">\n<div class=\"su-spoiler su-spoiler-style-default su-spoiler-icon-plus su-spoiler-closed\" data-scroll-offset=\"0\" data-anchor-in-url=\"no\"><div class=\"su-spoiler-title\" tabindex=\"0\" role=\"button\"><span class=\"su-spoiler-icon\"><\/span>Situation in Croatia<\/div><div class=\"su-spoiler-content su-u-clearfix su-u-trim\">\n<img alt=\"Evolution of ESL in Croatia\" src=\"http:\/\/www.proyectoscprgijon.es\/WayBack2School\/wp-content\/uploads\/2022\/02\/Croatia-esl-stats.png\" style=\"height: auto; width: 80%;\"><br \/>\n<\/div><\/div>\n<\/div>\n\n\n<div class=\"su-accordion su-u-trim\">\n<div class=\"su-spoiler su-spoiler-style-default su-spoiler-icon-plus su-spoiler-closed\" data-scroll-offset=\"0\" data-anchor-in-url=\"no\"><div class=\"su-spoiler-title\" tabindex=\"0\" role=\"button\"><span class=\"su-spoiler-icon\"><\/span>Situation in Spain<\/div><div class=\"su-spoiler-content su-u-clearfix su-u-trim\">\n<img alt=\"Evolution of ESL in Spain\" src=\"http:\/\/www.proyectoscprgijon.es\/WayBack2School\/wp-content\/uploads\/2022\/02\/Spain-esl-stats.png\" style=\"height: auto; width: 80%;\"><\/p>\n<p style=\"text-align:justified\">One of the main educational objectives for the EU is the reduction of Early Educational Leaving below 10%, as stated in the 2020 European strategy. Since it is a persistent phenomenon, with different realities depending on the country, it must definitely be approached from a polyhedral perspective.<\/p>\n<p style=\"text-align:justified\">This reality is still today the gateway to school failure and must be understood as a serious social problem associated not only with the lack of academic preparation but, subsequently, with worse chances of employability and the precipice which implies social exclusion, but it also significantly affects the expectations of the people who experience it, as well as their own freedom and personal autonomy.<\/p>\n<p style=\"text-align:justified\">Spain\u2019s educational system has managed to consistently decrease the ESL rate in recent years but, although widely differing among regions (some well accommodated within or below the EU average), the national figures sit at a current 16% and are still very far from that 10% goal.<\/p>\n<p style=\"text-align:justified\">In this project, we have tried to introduce arguments and proposals in an interdisciplinary approach, showing the efforts carried out in our region (Asturias), the second one in Spain with a lower ESL: joint intervention between different public services (educational, social, cultural, healthcare&#8230;) and social entities working in the school areas; intervention with families and students on issues such as self-esteem, personal well-being&#8230;; improvement of their living conditions, among others.<\/p>\n<p style=\"text-align:justified\">From what we have seen, a shared effort between all educational administrations and other public and private institutions is necessary to address this phenomenon and achieve the eradication of early school leaving in the coming years. The sum of all the parts will be the beginning of the end of the problem.<\/p>\n<\/div><\/div>\n<\/div>\n\n\n\n<p><\/p>\n","protected":false},"excerpt":{"rendered":"","protected":false},"author":1,"featured_media":0,"parent":0,"menu_order":0,"comment_status":"closed","ping_status":"closed","template":"","meta":[],"lang":"hr","translations":{"es":20,"en":18,"tr":333,"it":348,"hr":362},"pll_sync_post":[],"_links":{"self":[{"href":"http:\/\/www.proyectoscprgijon.es\/WayBack2School\/wp-json\/wp\/v2\/pages\/362"}],"collection":[{"href":"http:\/\/www.proyectoscprgijon.es\/WayBack2School\/wp-json\/wp\/v2\/pages"}],"about":[{"href":"http:\/\/www.proyectoscprgijon.es\/WayBack2School\/wp-json\/wp\/v2\/types\/page"}],"author":[{"embeddable":true,"href":"http:\/\/www.proyectoscprgijon.es\/WayBack2School\/wp-json\/wp\/v2\/users\/1"}],"replies":[{"embeddable":true,"href":"http:\/\/www.proyectoscprgijon.es\/WayBack2School\/wp-json\/wp\/v2\/comments?post=362"}],"version-history":[{"count":5,"href":"http:\/\/www.proyectoscprgijon.es\/WayBack2School\/wp-json\/wp\/v2\/pages\/362\/revisions"}],"predecessor-version":[{"id":692,"href":"http:\/\/www.proyectoscprgijon.es\/WayBack2School\/wp-json\/wp\/v2\/pages\/362\/revisions\/692"}],"wp:attachment":[{"href":"http:\/\/www.proyectoscprgijon.es\/WayBack2School\/wp-json\/wp\/v2\/media?parent=362"}],"curies":[{"name":"wp","href":"https:\/\/api.w.org\/{rel}","templated":true}]}}

Rano odustajanje od škole

<div class="su-accordion su-u-trim">
<div class="su-spoiler su-spoiler-style-default su-spoiler-icon-plus su-spoiler-closed" data-scroll-offset="0" data-anchor-in-url="no"><div class="su-spoiler-title" tabindex="0" role="button"><span class="su-spoiler-icon"></span>Koncept</div><div class="su-spoiler-content su-u-clearfix su-u-trim">
<p style="font-size:medium">Europska Unija definira osobe koje rano napuštaju školovanje kao osobe u dobi od 18 do 24 godina koje imaju samo niže srednje obrazovanje, ili nižu razinu obrazovanja, te osobe koje više nisu dio obrazovnog sustava ili osposobljavanja. </p>
<p style="font-size:medium">Dakle, rano napuštaju školu oni koji su stekli samo predškolsko, osnovno ili srednje obrazovanje u manje od dvije godine. </p>
<p style="font-size:medium">Rano napuštanje škole može imati više oblika. Uključuje mlade koji su napustili školovanje prije završetka obveznog obrazovanja, one koji su završili obvezno školovanje, ali nisu stekli višu srednju kvalifikaciju, te one koji su pohađali pred-strukovne ili strukovne tečajeve koji nisu doveli do kvalifikacija ekvivalentna višem sekundarnom stupnju.</p>
<p><img alt="Early leavers from education and training among people aged 18-24 years, 2019" src="https://ec.europa.eu/eurostat/documents/4187653/10321620/EU-INSTA-MAP-EDUCATI0N-EARLY+LEAVERS.jpg/f71a5ddd-5243-fb44-dd4c-a84475b7e291?t=1601909979664" style="height: auto; width: 80%;"></p>
<p style="font-size:medium">Aktualne informacije koje je objavila Europska unija mogu se pronaći na stranici <a href="https://ec.europa.eu/eurostat/en/web/products-eurostat-news/-/ddn-20201007-1" target="_blank" rel="noopener">Early leavers from education and training across EU regions</a></p>
</div></div>
</div>


<div class="su-accordion su-u-trim">
<div class="su-spoiler su-spoiler-style-default su-spoiler-icon-plus su-spoiler-closed" data-scroll-offset="0" data-anchor-in-url="no"><div class="su-spoiler-title" tabindex="0" role="button"><span class="su-spoiler-icon"></span>Situation in Turkey</div><div class="su-spoiler-content su-u-clearfix su-u-trim">
<img alt="Evolution of ESL in Turkey" src="http://www.proyectoscprgijon.es/WayBack2School/wp-content/uploads/2022/02/Turkey-esl-stats.png" style="height: auto; width: 80%;"></p>
<p style="text-align:justified">Early school leaving and absenteeism has always been in the priority list of the problems the educational institutions are facing in Turkey. This is due to the fact that  some of the students attending the public schools have a series of socio-economical problems,they come from different cultural backgrounds and as they don’t have sufficient parental support they are behind their class mates in terms of academical success. All these problems result in distancing themselves from school and that leads to the high rates in absenteeism or early school leaving.</p>
<p style="text-align:justified">The ministry of education and other educational bodies have been taking precautions,running projects like ours in order to lessen the number of these students. They have been trying to make schools a more attractive environment for these students,support them financially and the teachers at schools have been supporting these students with extra classes to improve their success.</p>
<p style="text-align:justified">Despite all these efforts made,during the pandemics process we were faced with a totally unexpected and different scenario as a country. We had to close schools and the students had to go on with their education through online classes for more than a year. This situation obviously caused a lot of problems fort he students from the risky group as they lacked technological devices or the internet to attend the online classes. Although the govermental bodies and local institutions tried to do their best to provide these children with what they needed in order to be able to attend their classes,it was not always enough.</p>
<p style="text-align:justified">After the online classes process, we observed a positive attitude in the parents’ point of view towards education and school. We can easily say that during those times when their children were at home, in front of the screens trying to catch up with the school subjects, struggling on their own, away from their peers and teachers, the parents began to understand the great importance of the school as an educational institution and teachers as leaders and guides in their childrens’ lives. We have seen that parents felt themselves inadequate in helping their children with their lessons, planning their free time, assisting them for their homework and maintaining a disciplined atmosphere at home.</p>
<p style="text-align:justified">From the students’ point of view, they came to realise the importance of school and education mainly because the pandemics helped them to see face to face interaction among the shareholders of education is of crucial importance and they have begun to understand the value of attendance more as they fell behind the rest of the class more and more because they couldn’t fully attend the online classes. All the schools in Turkey have supported their students with extra classes to help them recover from the absence in online classes but the process had been too long to fully heal; they were locked down in their homes for almost a year and a half. More students have declared that they have difficulty doing their homework as there is a big gap in their knowledge of the cirriculum of each school subject. In order to overcome this obstacle, as the teachers in every school, we came to a mutual understanding on lowering the difficulty level of the questions in our exams and to support these students more especially before the examinations.</p>
<p style="text-align:justified">To sum up, the process of pandemics has brought a structural change to the concept of education all over the World.It remains to be seen which of these changes will remain when the pandemics is finally over and which will disappear and what schools as an educational institution will look like in the eyes of the shareholders in the end. In the meantime, all the  teachers will continue to provide as much support as possible to the students for their social and academic wellbeing.</p>
</div></div>
</div>


<div class="su-accordion su-u-trim">
<div class="su-spoiler su-spoiler-style-default su-spoiler-icon-plus su-spoiler-closed" data-scroll-offset="0" data-anchor-in-url="no"><div class="su-spoiler-title" tabindex="0" role="button"><span class="su-spoiler-icon"></span>Situation in Ireland</div><div class="su-spoiler-content su-u-clearfix su-u-trim">
<img alt="Evolution of ESL in Ireland" src="http://www.proyectoscprgijon.es/WayBack2School/wp-content/uploads/2022/02/Ireland-esl-stats.png" style="height: auto; width: 80%;"></p>
</div></div>
</div>


<div class="su-accordion su-u-trim">
<div class="su-spoiler su-spoiler-style-default su-spoiler-icon-plus su-spoiler-closed" data-scroll-offset="0" data-anchor-in-url="no"><div class="su-spoiler-title" tabindex="0" role="button"><span class="su-spoiler-icon"></span>Situation in Italy</div><div class="su-spoiler-content su-u-clearfix su-u-trim">
<img alt="Evolution of ESL in Italy" src="http://www.proyectoscprgijon.es/WayBack2School/wp-content/uploads/2022/02/Italy-esl-stats.png" style="height: auto; width: 80%;"></p>
</div></div>
</div>


<div class="su-accordion su-u-trim">
<div class="su-spoiler su-spoiler-style-default su-spoiler-icon-plus su-spoiler-closed" data-scroll-offset="0" data-anchor-in-url="no"><div class="su-spoiler-title" tabindex="0" role="button"><span class="su-spoiler-icon"></span>Situation in Croatia</div><div class="su-spoiler-content su-u-clearfix su-u-trim">
<img alt="Evolution of ESL in Croatia" src="http://www.proyectoscprgijon.es/WayBack2School/wp-content/uploads/2022/02/Croatia-esl-stats.png" style="height: auto; width: 80%;"><br />
</div></div>
</div>


<div class="su-accordion su-u-trim">
<div class="su-spoiler su-spoiler-style-default su-spoiler-icon-plus su-spoiler-closed" data-scroll-offset="0" data-anchor-in-url="no"><div class="su-spoiler-title" tabindex="0" role="button"><span class="su-spoiler-icon"></span>Situation in Spain</div><div class="su-spoiler-content su-u-clearfix su-u-trim">
<img alt="Evolution of ESL in Spain" src="http://www.proyectoscprgijon.es/WayBack2School/wp-content/uploads/2022/02/Spain-esl-stats.png" style="height: auto; width: 80%;"></p>
<p style="text-align:justified">One of the main educational objectives for the EU is the reduction of Early Educational Leaving below 10%, as stated in the 2020 European strategy. Since it is a persistent phenomenon, with different realities depending on the country, it must definitely be approached from a polyhedral perspective.</p>
<p style="text-align:justified">This reality is still today the gateway to school failure and must be understood as a serious social problem associated not only with the lack of academic preparation but, subsequently, with worse chances of employability and the precipice which implies social exclusion, but it also significantly affects the expectations of the people who experience it, as well as their own freedom and personal autonomy.</p>
<p style="text-align:justified">Spain’s educational system has managed to consistently decrease the ESL rate in recent years but, although widely differing among regions (some well accommodated within or below the EU average), the national figures sit at a current 16% and are still very far from that 10% goal.</p>
<p style="text-align:justified">In this project, we have tried to introduce arguments and proposals in an interdisciplinary approach, showing the efforts carried out in our region (Asturias), the second one in Spain with a lower ESL: joint intervention between different public services (educational, social, cultural, healthcare&#8230;) and social entities working in the school areas; intervention with families and students on issues such as self-esteem, personal well-being&#8230;; improvement of their living conditions, among others.</p>
<p style="text-align:justified">From what we have seen, a shared effort between all educational administrations and other public and private institutions is necessary to address this phenomenon and achieve the eradication of early school leaving in the coming years. The sum of all the parts will be the beginning of the end of the problem.</p>
</div></div>
</div>



<p></p>
