{"id":44,"date":"2019-04-16T08:44:43","date_gmt":"2019-04-16T08:44:43","guid":{"rendered":"http:\/\/www.proyectoscprgijon.es\/WayBack2School\/?page_id=44"},"modified":"2022-01-10T13:41:30","modified_gmt":"2022-01-10T13:41:30","slug":"el-proyecto","status":"publish","type":"page","link":"http:\/\/www.proyectoscprgijon.es\/WayBack2School\/es\/el-proyecto\/","title":{"rendered":"El proyecto"},"content":{"rendered":"<p style=\"text-align: justify;\"><img loading=\"lazy\" class=\"size-medium wp-image-116 alignleft\" src=\"http:\/\/www.proyectoscprgijon.es\/WayBack2School\/wp-content\/uploads\/2021\/12\/woman-g2fdca1409_640-300x169.jpg\" alt=\"\" width=\"300\" height=\"169\" srcset=\"http:\/\/www.proyectoscprgijon.es\/WayBack2School\/wp-content\/uploads\/2021\/12\/woman-g2fdca1409_640-300x169.jpg 300w, http:\/\/www.proyectoscprgijon.es\/WayBack2School\/wp-content\/uploads\/2021\/12\/woman-g2fdca1409_640.jpg 640w\" sizes=\"(max-width: 300px) 100vw, 300px\" \/><\/p>\n<p style=\"text-align: justify;\">El abandono escolar temprano y la reducci\u00f3n del absentismo escolar son temas candentes en las agendas de todas las naciones. Desde el comienzo de Erasmus+ es una prioridad del programa, por lo que es uno de los temas que ocupa un lugar destacado. Adem\u00e1s, es un problema global que afecta no solamente a algunos pa\u00edses, sino tambi\u00e9n a toda la comunidad educativa. Ha sido un tema central en muchas discusiones a nivel europeo y la propia Comisi\u00f3n Europea organiz\u00f3 grupos de trabajo y seminarios sobre este tema, adem\u00e1s de publicar muchos art\u00edculos y recursos de apoyo a estas pol\u00edticas. Al final de todas estas acciones en 2013 los pa\u00edses de la UE se comprometieron a reducir el abandono escolar a un porcentaje menor del 10% para el 2020. In 2015, la Comisi\u00f3n Europea public\u00f3 las conclusiones sobre la reducci\u00f3n del abandono escolar y la promoci\u00f3n de pr\u00e1cticas de \u00e9xito en las escuelas donde se hizo \u00e9nfasis:<\/p>\n\n\n<blockquote class=\"wp-block-quote\"><p>&#8220;En nuestras sociedades cada vez m\u00e1s diversas, hay una necesidad urgente de buscar respuestas coordinadas e inclusivas de los responsables tanto de la educaci\u00f3n como de otros sectores, que deber\u00edan promover valores comunes como la tolerancia, el respeto mutuo, la igualdad de oportunidades y la no discriminaci\u00f3n, adem\u00e1s de fomentar la integraci\u00f3n social, la comprensi\u00f3n intercultural y el sentimiento de pertenencia.\u201d<\/p><cite>Diario Oficial de la Uni\u00f3n Europea. 58\u00ba A\u00f1o, 15 diciembre 2015<\/cite><\/blockquote>\n\n\n<p style=\"text-align: justify;\">Durante el proyecto, pretendemos reducir la tasa de absentismo, que ha aumentado en los \u00faltimos a\u00f1os desde n\u00fameros de un d\u00edgito a dos. Para conseguir nuestro objetivo, tenemos previsto implementar medidas en diferentes etapas. La primera es identificar los grupos de riesgo usando cuestionarios y mejorando el conocimiento de los estudiantes, la familia y las condiciones de vida (<b>Prevenci\u00f3n<\/b>). Los socios cuentan con estudiantes en las etapas de absentismo iniciales. Queremos comenzar con actividades de asesoramiento, reuniones con las familias, informando a los profesores implicados, reorganizando la gesti\u00f3n del aula e incluso con actividades extracurriculares (<b><span data-contrast=\"auto\">Intervenci\u00f3n<\/span><\/b><span data-contrast=\"auto\">). Por \u00faltimo, tenemos un peque\u00f1o grupo de estudiantes que faltan a clase durante un periodo de tiempo significativo. Se organizar\u00e1n reuniones con las familias y el grupo de profesorado m\u00e1s cercano a los estudiantes con el fin de intercambiar impresiones con los estudiantes y las familias; se visitar\u00e1n a los estudiantes en su lugar de trabajo, hablando con el empleador para conocer mejor la situaci\u00f3n y se pedir\u00e1 ayuda a los servicios sociales o autoridades locales. A su vez de intentar\u00e1 recaudar fondos de las autoridades y apoyar a las familias econ\u00f3micamente (<\/span><b><span data-contrast=\"auto\">Compensaci\u00f3n<\/span><\/b><span data-contrast=\"auto\">).<\/span><span data-ccp-props=\"{&quot;201341983&quot;:0,&quot;335559739&quot;:160,&quot;335559740&quot;:259}\">&nbsp;<\/span><\/p>\n<p style=\"text-align: justify;\">En l\u00ednea con el el p\u00e1rrafo anterio de la Comisi\u00f3n Europea, otro objetivo del proyecto es la creaci\u00f3n de clases inclusivas y entornos escolares donde todo el alumnado, independientemente de su raza, religi\u00f3n, contexto familiar&#8230;. se sienta c\u00f3modo y apoyado, un entorno escolar donde toda la comunidad escolar est\u00e9 unida y reine el respeto, la confianza, la no discriminaci\u00f3n y la comprensi\u00f3n, generando un profundo sentimiento de pertenencia.<\/p>\n<p style=\"text-align: justify;\"><img loading=\"lazy\" class=\"size-medium wp-image-121 alignright\" src=\"http:\/\/www.proyectoscprgijon.es\/WayBack2School\/wp-content\/uploads\/2021\/12\/hands-g100ce44e9_640-300x200.jpg\" alt=\"\" width=\"300\" height=\"200\" srcset=\"http:\/\/www.proyectoscprgijon.es\/WayBack2School\/wp-content\/uploads\/2021\/12\/hands-g100ce44e9_640-300x200.jpg 300w, http:\/\/www.proyectoscprgijon.es\/WayBack2School\/wp-content\/uploads\/2021\/12\/hands-g100ce44e9_640.jpg 640w\" sizes=\"(max-width: 300px) 100vw, 300px\" \/><\/p>\n<p><span data-contrast=\"auto\">El proyecto tiene 7 socios de 5 pa\u00edses diferentes. Los 7 socios incluyen un organismo de direcci\u00f3n de educaci\u00f3n, 4 escuelas de infantil, primaria y secundaria, 1 instituci\u00f3n de secundaria y formaci\u00f3n profesional a estudiantes que abandonan sus estudios y 1 centro de profesorado y recursos que oferta cursos de desarrollo profesional <\/span><span data-contrast=\"auto\">de calidad <\/span><span data-contrast=\"auto\">al personal docente de los centros socios. Todos los socios tienen experiencia previa en el trabajo con grupos en desventaja que est\u00e1n en riesgo de abandono escolar y que tienen \u00edndices altos de absentismo. Asimismo, todos los socios han desarrollado medidas, protocolos, actividades y conexiones para atajar este problema. El intercambio de buenas pr\u00e1cticas y las medidas que desarrollaremos a lo largo de la vida del proyecto tendr\u00e1n un impacto significativo en las instituciones implicadas, los estudiantes, el profesorado, los padres, las autoridades, as\u00ed como un impacto amplio a nivel local, regional, nacional e internacional.&nbsp;<\/span><span data-ccp-props=\"{&quot;201341983&quot;:0,&quot;335559739&quot;:160,&quot;335559740&quot;:259}\">&nbsp;<\/span><\/p>\n<p><span data-contrast=\"auto\">La metodolog\u00eda est\u00e1 basada en m\u00e9todos de aprendizaje y ense\u00f1anza formal y no formal. Viendo que los m\u00e9todos formales han fracasado en este tema, tenemos previsto hacer que la escuela sea m\u00e1s atractiva y que los estudiantes, padres y profesorado est\u00e9n m\u00e1s motivados a trav\u00e9s de m\u00e9todos no formales. A su vez tenemos intenci\u00f3n de usar cuestionarios, talleres, actividades de mapeo mental y de lluvia de ideas, juegos, bailes y m\u00fasica para conseguir nuestros objetivos.&nbsp;<\/span><span data-ccp-props=\"{&quot;201341983&quot;:0,&quot;335559739&quot;:160,&quot;335559740&quot;:259}\">&nbsp;<\/span><\/p>\n<p><span data-contrast=\"auto\">La naturaleza transnacional del proyecto ampliar\u00e1 el impacto y le dar\u00e1 una nueva dimensi\u00f3n. El profesorado se formar\u00e1 con otros docentes y en el centro de Profesorado y Recursos, adem\u00e1s de ser m\u00e1s competente y profesional. Los estudiantes ser\u00e1n conscientes que no son los \u00fanicos con problemas, sino que hay otros j\u00f3venes que sufren los mismos problemas en diferentes partes del mundo. Las instituciones avanzar\u00e1n creando entornos de formaci\u00f3n para que el estudiante se sienta a gusto y ser\u00e1n m\u00e1s internacionales. Todos los asociados y las instituciones afines tomar\u00e1n conciencia sobre el problema y ayudar\u00e1n en la prevenci\u00f3n y b\u00fasqueda de soluciones.&nbsp;<\/span><span data-ccp-props=\"{&quot;201341983&quot;:0,&quot;335559739&quot;:160,&quot;335559740&quot;:259}\">&nbsp;<\/span><\/p>\n<p><span data-contrast=\"auto\">En general, el proyecto crear\u00e1 resultados e impactos medibles, sostenibles y en el \u00e1mbito del aprendizaje permanente para nuestro alumnado pueda &#8220;Volver a la escuela&#8221;<\/span><span data-contrast=\"auto\">.<\/span><span data-ccp-props=\"{&quot;201341983&quot;:0,&quot;335559739&quot;:160,&quot;335559740&quot;:259}\">&nbsp;<\/span><\/p>\n\n\n<p><\/p>\n","protected":false},"excerpt":{"rendered":"<p>El abandono escolar temprano y la reducci\u00f3n del absentismo escolar son temas candentes en las agendas de todas las naciones.&hellip;<\/p>\n","protected":false},"author":1,"featured_media":0,"parent":0,"menu_order":0,"comment_status":"closed","ping_status":"closed","template":"","meta":[],"lang":"es","translations":{"es":44,"en":14,"it":71,"tr":341,"hr":364},"pll_sync_post":[],"_links":{"self":[{"href":"http:\/\/www.proyectoscprgijon.es\/WayBack2School\/wp-json\/wp\/v2\/pages\/44"}],"collection":[{"href":"http:\/\/www.proyectoscprgijon.es\/WayBack2School\/wp-json\/wp\/v2\/pages"}],"about":[{"href":"http:\/\/www.proyectoscprgijon.es\/WayBack2School\/wp-json\/wp\/v2\/types\/page"}],"author":[{"embeddable":true,"href":"http:\/\/www.proyectoscprgijon.es\/WayBack2School\/wp-json\/wp\/v2\/users\/1"}],"replies":[{"embeddable":true,"href":"http:\/\/www.proyectoscprgijon.es\/WayBack2School\/wp-json\/wp\/v2\/comments?post=44"}],"version-history":[{"count":2,"href":"http:\/\/www.proyectoscprgijon.es\/WayBack2School\/wp-json\/wp\/v2\/pages\/44\/revisions"}],"predecessor-version":[{"id":314,"href":"http:\/\/www.proyectoscprgijon.es\/WayBack2School\/wp-json\/wp\/v2\/pages\/44\/revisions\/314"}],"wp:attachment":[{"href":"http:\/\/www.proyectoscprgijon.es\/WayBack2School\/wp-json\/wp\/v2\/media?parent=44"}],"curies":[{"name":"wp","href":"https:\/\/api.w.org\/{rel}","templated":true}]}}

<p style="text-align: justify;"><img loading="lazy" class="size-medium wp-image-116 alignleft" src="http://www.proyectoscprgijon.es/WayBack2School/wp-content/uploads/2021/12/woman-g2fdca1409_640-300x169.jpg" alt="" width="300" height="169" srcset="http://www.proyectoscprgijon.es/WayBack2School/wp-content/uploads/2021/12/woman-g2fdca1409_640-300x169.jpg 300w, http://www.proyectoscprgijon.es/WayBack2School/wp-content/uploads/2021/12/woman-g2fdca1409_640.jpg 640w" sizes="(max-width: 300px) 100vw, 300px" /></p>
<p style="text-align: justify;">El abandono escolar temprano y la reducción del absentismo escolar son temas candentes en las agendas de todas las naciones. Desde el comienzo de Erasmus+ es una prioridad del programa, por lo que es uno de los temas que ocupa un lugar destacado. Además, es un problema global que afecta no solamente a algunos países, sino también a toda la comunidad educativa. Ha sido un tema central en muchas discusiones a nivel europeo y la propia Comisión Europea organizó grupos de trabajo y seminarios sobre este tema, además de publicar muchos artículos y recursos de apoyo a estas políticas. Al final de todas estas acciones en 2013 los países de la UE se comprometieron a reducir el abandono escolar a un porcentaje menor del 10% para el 2020. In 2015, la Comisión Europea publicó las conclusiones sobre la reducción del abandono escolar y la promoción de prácticas de éxito en las escuelas donde se hizo énfasis:</p>


<blockquote class="wp-block-quote"><p>&#8220;En nuestras sociedades cada vez más diversas, hay una necesidad urgente de buscar respuestas coordinadas e inclusivas de los responsables tanto de la educación como de otros sectores, que deberían promover valores comunes como la tolerancia, el respeto mutuo, la igualdad de oportunidades y la no discriminación, además de fomentar la integración social, la comprensión intercultural y el sentimiento de pertenencia.”</p><cite>Diario Oficial de la Unión Europea. 58º Año, 15 diciembre 2015</cite></blockquote>


<p style="text-align: justify;">Durante el proyecto, pretendemos reducir la tasa de absentismo, que ha aumentado en los últimos años desde números de un dígito a dos. Para conseguir nuestro objetivo, tenemos previsto implementar medidas en diferentes etapas. La primera es identificar los grupos de riesgo usando cuestionarios y mejorando el conocimiento de los estudiantes, la familia y las condiciones de vida (<b>Prevención</b>). Los socios cuentan con estudiantes en las etapas de absentismo iniciales. Queremos comenzar con actividades de asesoramiento, reuniones con las familias, informando a los profesores implicados, reorganizando la gestión del aula e incluso con actividades extracurriculares (<b><span data-contrast="auto">Intervención</span></b><span data-contrast="auto">). Por último, tenemos un pequeño grupo de estudiantes que faltan a clase durante un periodo de tiempo significativo. Se organizarán reuniones con las familias y el grupo de profesorado más cercano a los estudiantes con el fin de intercambiar impresiones con los estudiantes y las familias; se visitarán a los estudiantes en su lugar de trabajo, hablando con el empleador para conocer mejor la situación y se pedirá ayuda a los servicios sociales o autoridades locales. A su vez de intentará recaudar fondos de las autoridades y apoyar a las familias económicamente (</span><b><span data-contrast="auto">Compensación</span></b><span data-contrast="auto">).</span><span data-ccp-props="{&quot;201341983&quot;:0,&quot;335559739&quot;:160,&quot;335559740&quot;:259}">&nbsp;</span></p>
<p style="text-align: justify;">En línea con el el párrafo anterio de la Comisión Europea, otro objetivo del proyecto es la creación de clases inclusivas y entornos escolares donde todo el alumnado, independientemente de su raza, religión, contexto familiar&#8230;. se sienta cómodo y apoyado, un entorno escolar donde toda la comunidad escolar esté unida y reine el respeto, la confianza, la no discriminación y la comprensión, generando un profundo sentimiento de pertenencia.</p>
<p style="text-align: justify;"><img loading="lazy" class="size-medium wp-image-121 alignright" src="http://www.proyectoscprgijon.es/WayBack2School/wp-content/uploads/2021/12/hands-g100ce44e9_640-300x200.jpg" alt="" width="300" height="200" srcset="http://www.proyectoscprgijon.es/WayBack2School/wp-content/uploads/2021/12/hands-g100ce44e9_640-300x200.jpg 300w, http://www.proyectoscprgijon.es/WayBack2School/wp-content/uploads/2021/12/hands-g100ce44e9_640.jpg 640w" sizes="(max-width: 300px) 100vw, 300px" /></p>
<p><span data-contrast="auto">El proyecto tiene 7 socios de 5 países diferentes. Los 7 socios incluyen un organismo de dirección de educación, 4 escuelas de infantil, primaria y secundaria, 1 institución de secundaria y formación profesional a estudiantes que abandonan sus estudios y 1 centro de profesorado y recursos que oferta cursos de desarrollo profesional </span><span data-contrast="auto">de calidad </span><span data-contrast="auto">al personal docente de los centros socios. Todos los socios tienen experiencia previa en el trabajo con grupos en desventaja que están en riesgo de abandono escolar y que tienen índices altos de absentismo. Asimismo, todos los socios han desarrollado medidas, protocolos, actividades y conexiones para atajar este problema. El intercambio de buenas prácticas y las medidas que desarrollaremos a lo largo de la vida del proyecto tendrán un impacto significativo en las instituciones implicadas, los estudiantes, el profesorado, los padres, las autoridades, así como un impacto amplio a nivel local, regional, nacional e internacional.&nbsp;</span><span data-ccp-props="{&quot;201341983&quot;:0,&quot;335559739&quot;:160,&quot;335559740&quot;:259}">&nbsp;</span></p>
<p><span data-contrast="auto">La metodología está basada en métodos de aprendizaje y enseñanza formal y no formal. Viendo que los métodos formales han fracasado en este tema, tenemos previsto hacer que la escuela sea más atractiva y que los estudiantes, padres y profesorado estén más motivados a través de métodos no formales. A su vez tenemos intención de usar cuestionarios, talleres, actividades de mapeo mental y de lluvia de ideas, juegos, bailes y música para conseguir nuestros objetivos.&nbsp;</span><span data-ccp-props="{&quot;201341983&quot;:0,&quot;335559739&quot;:160,&quot;335559740&quot;:259}">&nbsp;</span></p>
<p><span data-contrast="auto">La naturaleza transnacional del proyecto ampliará el impacto y le dará una nueva dimensión. El profesorado se formará con otros docentes y en el centro de Profesorado y Recursos, además de ser más competente y profesional. Los estudiantes serán conscientes que no son los únicos con problemas, sino que hay otros jóvenes que sufren los mismos problemas en diferentes partes del mundo. Las instituciones avanzarán creando entornos de formación para que el estudiante se sienta a gusto y serán más internacionales. Todos los asociados y las instituciones afines tomarán conciencia sobre el problema y ayudarán en la prevención y búsqueda de soluciones.&nbsp;</span><span data-ccp-props="{&quot;201341983&quot;:0,&quot;335559739&quot;:160,&quot;335559740&quot;:259}">&nbsp;</span></p>
<p><span data-contrast="auto">En general, el proyecto creará resultados e impactos medibles, sostenibles y en el ámbito del aprendizaje permanente para nuestro alumnado pueda &#8220;Volver a la escuela&#8221;</span><span data-contrast="auto">.</span><span data-ccp-props="{&quot;201341983&quot;:0,&quot;335559739&quot;:160,&quot;335559740&quot;:259}">&nbsp;</span></p>


<p></p>

<p>El abandono escolar temprano y la reducción del absentismo escolar son temas candentes en las agendas de todas las naciones.&hellip;</p>
