{"id":71,"date":"2021-12-10T11:57:12","date_gmt":"2021-12-10T11:57:12","guid":{"rendered":"http:\/\/www.proyectoscprgijon.es\/WayBack2School\/?page_id=71"},"modified":"2022-02-15T10:40:45","modified_gmt":"2022-02-15T10:40:45","slug":"il-progetto","status":"publish","type":"page","link":"http:\/\/www.proyectoscprgijon.es\/WayBack2School\/it\/il-progetto\/","title":{"rendered":"Il Progetto"},"content":{"rendered":"<p style=\"text-align: justify;\"><img loading=\"lazy\" class=\"size-medium wp-image-116 alignleft\" src=\"http:\/\/www.proyectoscprgijon.es\/WayBack2School\/wp-content\/uploads\/2021\/12\/woman-g2fdca1409_640-300x169.jpg\" alt=\"\" width=\"300\" height=\"169\" srcset=\"http:\/\/www.proyectoscprgijon.es\/WayBack2School\/wp-content\/uploads\/2021\/12\/woman-g2fdca1409_640-300x169.jpg 300w, http:\/\/www.proyectoscprgijon.es\/WayBack2School\/wp-content\/uploads\/2021\/12\/woman-g2fdca1409_640.jpg 640w\" sizes=\"(max-width: 300px) 100vw, 300px\" \/><\/p>\n<p>L&#8217;abbandono scolastico precoce e la riduzione dei tassi di assenteismo \u00e8 una questione scottante che \u00e8 all&#8217;ordine del giorno di ogni nazione. Fin dall&#8217;inizio del programma Erasmus+, essendo una delle principali priorit\u00e0 ha portato questo problema in prima linea. Oltre a questo fatto, \u00e8 un problema globale che colpisce non solo alcuni paesi o scuole, ma anche l&#8217;intera comunit\u00e0 educativa. \u00c8 stato oggetto di numerose discussioni a livello UE e la Commissione UE ha tenuto gruppi di lavoro tematici e seminari sulla questione e ha pubblicato molti articoli o sostegni politici. Al termine di tutti questi sforzi, nel 2013, &nbsp;i paesi dell&#8217;UE si sono impegnati a ridurre i tassi medi di abbandono scolastico al di sotto del 10% entro il 2020. Nel 2015, la Commissione europea ha pubblicato le sue conclusioni sulla riduzione dell&#8217;abbandono scolastico e sulla promozione del successo scolastico, sottolineando:<\/p>\n\n\n<blockquote class=\"wp-block-quote\"><p>\u201cNelle nostre societ\u00e0 sempre pi\u00f9 diversificate, vi \u00e8 l&#8217;urgente necessit\u00e0 di risposte inclusive e coordinate da parte degli attori sia educativi che non educativi che mirano a promuovere valori comuni quali la tolleranza, il rispetto reciproco, le pari opportunit\u00e0 e la non discriminazione, oltre a promuovere l&#8217;integrazione sociale, la comprensione interculturale e il senso di appartenenza.\u201d<\/p><cite>Gazzette ufficiale dell&#8217;Unione europea. 58\u00ba anno, 15 dicembre 2015<\/cite><\/blockquote>\n\n\n<p style=\"text-align: justified;\">Nel corso del progetto, ci proponiamo di ridurre il livello di assenteismo che \u00e8 salito negli ultimi anni da un numero a due cifre. Per raggiungere il nostro obiettivo, attueremo le misure in diverse fasi.&nbsp;Il primo \u00e8 quello di cercare di individuare il gruppo a rischio utilizzando i &nbsp;questionari e per conoscere meglio il bambino, la famiglia e le condizioni di vita (<strong>Prevenzione<\/strong>).&nbsp;I partner hanno studenti che sono tendenti &nbsp;all\u2019 assenteismo. Inizieremo immediatamente le attivit\u00e0 di consulenza, le visite familiari, informeremo tutti gli insegnanti interessati e riorganizzeremo l&#8217;ambiente scolastico e utilizzeremo anche le attivit\u00e0 extrascolastiche (<strong>Intervento<\/strong>). Infine abbiamo un piccolo numero di studenti che saltano la scuola per una quantit\u00e0 significativa di tempo. Faremo visite alla famiglia con un gruppo di insegnanti vicini allo studente che parleranno con i genitori e lo studente; se dovesse gi\u00e0 lavorare &nbsp;parleremo &nbsp;con il datore di lavoro per saperne di pi\u00f9 sulla situazione e chiedere aiuto ai servizi sociali o alle autorit\u00e0 locali.&nbsp;Cercheremo anche di raccogliere qualche soldo chiedendo fondi alle autorit\u00e0 per sostenere finanziariamente la famiglia (<strong>Compensazione<\/strong>).<\/p>\n<p style=\"text-align: justify;\">In linea con il paragrafo precedente della Commissione UE, un altro obiettivo \u00e8 quello di creare ambienti scolastici inclusivi in cui tutti gli studenti, indipendentemente dalla loro religione, etnia, background familiare ecc. si sentiranno a proprio agio e si aiuteranno a vicenda; un ambiente scolastico in cui tutti gli studenti, i genitori e il personale si riuniranno e saranno a loro agio; un ambiente scolastico dove ci sar\u00e0 rispetto, fiducia, nessuna discriminazione e comprensione e, soprattutto, un grande senso di appartenenza.<\/p>\n<p style=\"text-align: justify;\"><img loading=\"lazy\" class=\"size-medium wp-image-121 alignright\" src=\"http:\/\/www.proyectoscprgijon.es\/WayBack2School\/wp-content\/uploads\/2021\/12\/hands-g100ce44e9_640-300x200.jpg\" alt=\"\" width=\"300\" height=\"200\" srcset=\"http:\/\/www.proyectoscprgijon.es\/WayBack2School\/wp-content\/uploads\/2021\/12\/hands-g100ce44e9_640-300x200.jpg 300w, http:\/\/www.proyectoscprgijon.es\/WayBack2School\/wp-content\/uploads\/2021\/12\/hands-g100ce44e9_640.jpg 640w\" sizes=\"(max-width: 300px) 100vw, 300px\" \/><\/p>\n<p style=\"text-align: justified;\"><span lang=\"IT\">Il progetto ha 7 partner provenienti da 5 paesi diversi. Questi 7 partner includono una direzione del l&#8217;istruzione, 4 scuole di livello primario e secondario, 1 college l&#8217;istituto che fornisce formazione secondaria e professionale principalmente ai giovani che abbandonano prematuramente la scuola e un centro di formazione per insegnanti che fornir\u00e0 uno sviluppo professionale approfondito per il personale dei partner.<\/span><\/p>\n<p style=\"text-align: justified;\">Tutti i partner hanno precedenti esperienze di lavoro con gruppi svantaggiati che sono a rischio di abbandono scolastico e\/ o hanno alti livelli di assenteismo. Ogni partner ha inoltre sviluppato metodi, misure, attivit\u00e0 e collegamenti per affrontare questo problema. Lo scambio delle loro buone pratiche e le pratiche che saranno sviluppate attraverso il ciclo del progetto avranno un impatto significativo sulle istituzioni coinvolte, studenti, insegnanti, genitori, parti interessate, nonch\u00e9 ampi impatti a livello locale, regionale, nazionale e internazionale. La metodologia che verr\u00e0 utilizzata sar\u00e0 basata principalmente su metodi di insegnamento e apprendimento informali e non formali. Poich\u00e9 i metodi formali sono stati provati e falliti su questo tema, miriamo a rendere la scuola pi\u00f9 attraente e i nostri studenti, genitori e insegnanti pi\u00f9 motivati attraverso metodi non formali. Useremo anche questionari, workshop, attivit\u00e0 di brainstorming e mind-mapping, giochi, musica, danze per raggiungere i nostri obiettivi.<\/p>\n<p style=\"text-align: justified;\"><span lang=\"IT\">La natura transnazionale del progetto amplier\u00e0 l&#8217;impatto e gli conferir\u00e0 una nuova dimensione. Gli insegnanti impareranno gli uni dagli altri e diventeranno pi\u00f9 professionali e competenti.&nbsp;<\/span><span lang=\"IT\">Gli studenti si renderanno conto che non sono gli unici con problemi, ma ci sono molti altri bambini che soffrono degli stessi problemi in diverse parti del mondo. Le istituzioni diventeranno pi\u00f9 internazionali, migliorate e amichevoli per gli studenti.&nbsp;<\/span><span lang=\"IT\">Le parti interessate e le altre istituzioni correlate aumenteranno la consapevolezza del problema e contribuiranno alla sua prevenzione e alla sua soluzione.<\/span><\/p>\n<p style=\"text-align: justified;\"><span lang=\"IT\">Nel complesso, il progetto creer\u00e0 impatti e risultati misurabili, sostenibili e per tutta la vita l\u2019impatto e il risultato sugli studenti sar\u00e0 la strada del ritorno a scuola (<strong>Way Back to School<\/strong>).<\/span><\/p>","protected":false},"excerpt":{"rendered":"<p>L&#8217;abbandono scolastico precoce e la riduzione dei tassi di assenteismo \u00e8 una questione scottante che \u00e8 all&#8217;ordine del giorno di&hellip;<\/p>\n","protected":false},"author":2,"featured_media":0,"parent":0,"menu_order":0,"comment_status":"closed","ping_status":"closed","template":"","meta":[],"lang":"it","translations":{"es":44,"en":14,"it":71,"tr":341,"hr":364},"pll_sync_post":[],"_links":{"self":[{"href":"http:\/\/www.proyectoscprgijon.es\/WayBack2School\/wp-json\/wp\/v2\/pages\/71"}],"collection":[{"href":"http:\/\/www.proyectoscprgijon.es\/WayBack2School\/wp-json\/wp\/v2\/pages"}],"about":[{"href":"http:\/\/www.proyectoscprgijon.es\/WayBack2School\/wp-json\/wp\/v2\/types\/page"}],"author":[{"embeddable":true,"href":"http:\/\/www.proyectoscprgijon.es\/WayBack2School\/wp-json\/wp\/v2\/users\/2"}],"replies":[{"embeddable":true,"href":"http:\/\/www.proyectoscprgijon.es\/WayBack2School\/wp-json\/wp\/v2\/comments?post=71"}],"version-history":[{"count":3,"href":"http:\/\/www.proyectoscprgijon.es\/WayBack2School\/wp-json\/wp\/v2\/pages\/71\/revisions"}],"predecessor-version":[{"id":739,"href":"http:\/\/www.proyectoscprgijon.es\/WayBack2School\/wp-json\/wp\/v2\/pages\/71\/revisions\/739"}],"wp:attachment":[{"href":"http:\/\/www.proyectoscprgijon.es\/WayBack2School\/wp-json\/wp\/v2\/media?parent=71"}],"curies":[{"name":"wp","href":"https:\/\/api.w.org\/{rel}","templated":true}]}}

<p style="text-align: justify;"><img loading="lazy" class="size-medium wp-image-116 alignleft" src="http://www.proyectoscprgijon.es/WayBack2School/wp-content/uploads/2021/12/woman-g2fdca1409_640-300x169.jpg" alt="" width="300" height="169" srcset="http://www.proyectoscprgijon.es/WayBack2School/wp-content/uploads/2021/12/woman-g2fdca1409_640-300x169.jpg 300w, http://www.proyectoscprgijon.es/WayBack2School/wp-content/uploads/2021/12/woman-g2fdca1409_640.jpg 640w" sizes="(max-width: 300px) 100vw, 300px" /></p>
<p>L&#8217;abbandono scolastico precoce e la riduzione dei tassi di assenteismo è una questione scottante che è all&#8217;ordine del giorno di ogni nazione. Fin dall&#8217;inizio del programma Erasmus+, essendo una delle principali priorità ha portato questo problema in prima linea. Oltre a questo fatto, è un problema globale che colpisce non solo alcuni paesi o scuole, ma anche l&#8217;intera comunità educativa. È stato oggetto di numerose discussioni a livello UE e la Commissione UE ha tenuto gruppi di lavoro tematici e seminari sulla questione e ha pubblicato molti articoli o sostegni politici. Al termine di tutti questi sforzi, nel 2013, &nbsp;i paesi dell&#8217;UE si sono impegnati a ridurre i tassi medi di abbandono scolastico al di sotto del 10% entro il 2020. Nel 2015, la Commissione europea ha pubblicato le sue conclusioni sulla riduzione dell&#8217;abbandono scolastico e sulla promozione del successo scolastico, sottolineando:</p>


<blockquote class="wp-block-quote"><p>“Nelle nostre società sempre più diversificate, vi è l&#8217;urgente necessità di risposte inclusive e coordinate da parte degli attori sia educativi che non educativi che mirano a promuovere valori comuni quali la tolleranza, il rispetto reciproco, le pari opportunità e la non discriminazione, oltre a promuovere l&#8217;integrazione sociale, la comprensione interculturale e il senso di appartenenza.”</p><cite>Gazzette ufficiale dell&#8217;Unione europea. 58º anno, 15 dicembre 2015</cite></blockquote>


<p style="text-align: justified;">Nel corso del progetto, ci proponiamo di ridurre il livello di assenteismo che è salito negli ultimi anni da un numero a due cifre. Per raggiungere il nostro obiettivo, attueremo le misure in diverse fasi.&nbsp;Il primo è quello di cercare di individuare il gruppo a rischio utilizzando i &nbsp;questionari e per conoscere meglio il bambino, la famiglia e le condizioni di vita (<strong>Prevenzione</strong>).&nbsp;I partner hanno studenti che sono tendenti &nbsp;all’ assenteismo. Inizieremo immediatamente le attività di consulenza, le visite familiari, informeremo tutti gli insegnanti interessati e riorganizzeremo l&#8217;ambiente scolastico e utilizzeremo anche le attività extrascolastiche (<strong>Intervento</strong>). Infine abbiamo un piccolo numero di studenti che saltano la scuola per una quantità significativa di tempo. Faremo visite alla famiglia con un gruppo di insegnanti vicini allo studente che parleranno con i genitori e lo studente; se dovesse già lavorare &nbsp;parleremo &nbsp;con il datore di lavoro per saperne di più sulla situazione e chiedere aiuto ai servizi sociali o alle autorità locali.&nbsp;Cercheremo anche di raccogliere qualche soldo chiedendo fondi alle autorità per sostenere finanziariamente la famiglia (<strong>Compensazione</strong>).</p>
<p style="text-align: justify;">In linea con il paragrafo precedente della Commissione UE, un altro obiettivo è quello di creare ambienti scolastici inclusivi in cui tutti gli studenti, indipendentemente dalla loro religione, etnia, background familiare ecc. si sentiranno a proprio agio e si aiuteranno a vicenda; un ambiente scolastico in cui tutti gli studenti, i genitori e il personale si riuniranno e saranno a loro agio; un ambiente scolastico dove ci sarà rispetto, fiducia, nessuna discriminazione e comprensione e, soprattutto, un grande senso di appartenenza.</p>
<p style="text-align: justify;"><img loading="lazy" class="size-medium wp-image-121 alignright" src="http://www.proyectoscprgijon.es/WayBack2School/wp-content/uploads/2021/12/hands-g100ce44e9_640-300x200.jpg" alt="" width="300" height="200" srcset="http://www.proyectoscprgijon.es/WayBack2School/wp-content/uploads/2021/12/hands-g100ce44e9_640-300x200.jpg 300w, http://www.proyectoscprgijon.es/WayBack2School/wp-content/uploads/2021/12/hands-g100ce44e9_640.jpg 640w" sizes="(max-width: 300px) 100vw, 300px" /></p>
<p style="text-align: justified;"><span lang="IT">Il progetto ha 7 partner provenienti da 5 paesi diversi. Questi 7 partner includono una direzione del l&#8217;istruzione, 4 scuole di livello primario e secondario, 1 college l&#8217;istituto che fornisce formazione secondaria e professionale principalmente ai giovani che abbandonano prematuramente la scuola e un centro di formazione per insegnanti che fornirà uno sviluppo professionale approfondito per il personale dei partner.</span></p>
<p style="text-align: justified;">Tutti i partner hanno precedenti esperienze di lavoro con gruppi svantaggiati che sono a rischio di abbandono scolastico e/ o hanno alti livelli di assenteismo. Ogni partner ha inoltre sviluppato metodi, misure, attività e collegamenti per affrontare questo problema. Lo scambio delle loro buone pratiche e le pratiche che saranno sviluppate attraverso il ciclo del progetto avranno un impatto significativo sulle istituzioni coinvolte, studenti, insegnanti, genitori, parti interessate, nonché ampi impatti a livello locale, regionale, nazionale e internazionale. La metodologia che verrà utilizzata sarà basata principalmente su metodi di insegnamento e apprendimento informali e non formali. Poiché i metodi formali sono stati provati e falliti su questo tema, miriamo a rendere la scuola più attraente e i nostri studenti, genitori e insegnanti più motivati attraverso metodi non formali. Useremo anche questionari, workshop, attività di brainstorming e mind-mapping, giochi, musica, danze per raggiungere i nostri obiettivi.</p>
<p style="text-align: justified;"><span lang="IT">La natura transnazionale del progetto amplierà l&#8217;impatto e gli conferirà una nuova dimensione. Gli insegnanti impareranno gli uni dagli altri e diventeranno più professionali e competenti.&nbsp;</span><span lang="IT">Gli studenti si renderanno conto che non sono gli unici con problemi, ma ci sono molti altri bambini che soffrono degli stessi problemi in diverse parti del mondo. Le istituzioni diventeranno più internazionali, migliorate e amichevoli per gli studenti.&nbsp;</span><span lang="IT">Le parti interessate e le altre istituzioni correlate aumenteranno la consapevolezza del problema e contribuiranno alla sua prevenzione e alla sua soluzione.</span></p>
<p style="text-align: justified;"><span lang="IT">Nel complesso, il progetto creerà impatti e risultati misurabili, sostenibili e per tutta la vita l’impatto e il risultato sugli studenti sarà la strada del ritorno a scuola (<strong>Way Back to School</strong>).</span></p>

<p>L&#8217;abbandono scolastico precoce e la riduzione dei tassi di assenteismo è una questione scottante che è all&#8217;ordine del giorno di&hellip;</p>
